vided by m(i).
7
Suppose -20 = 2*j + 6. Let o = j + 6. Let u = o - -36. Calculate the remainder when u is divided by 16.
13
Let b(u) = u**3 - 5*u**2 + 5*u + 1. Let c be b(4). Suppose c*s - 25 = 20. Calculate the remainder when 25 is divided by s.
7
Suppose s = -2*s + 180. Suppose -4*j - s = -3*z, 0 = z - 0*j - 2*j - 18. Calculate the remainder when z is divided by 13.
11
Suppose 2*q = -33 - 101. Suppose 2*o = 2, -3*r = -3*o - 24 - 9. What is the remainder when q/(-2) - (-2)/4 is divided by r?
10
Suppose 0*f - 5 = -f. Suppose f*w - 75 = -15. Calculate the remainder when 22 is divided by w.
10
Suppose l + 409 = 5*u, -u - 3*l + 69 = -0*u. Calculate the remainder when u is divided by 21.
18
What is the remainder when -5 - -2 - (1 - 23) is divided by 10?
9
Suppose h + 64 = 3*h + 2*t, h - 17 = 4*t. Suppose 6*d + 12 = -3*p + 3*d, -5*p - 2*d = 20. What is the remainder when h is divided by p/22 + 112/11?
9
Suppose -2*m - 5 = -51. What is the remainder when m is divided by 12?
11
Let s(l) = -18*l - 1. Let h be (1/(-1))/(-6 - -7). Calculate the remainder when s(h) is divided by 6.
5
Suppose 4*a - a = r + 3, 3*r - 2*a - 19 = 0. Let u = 5 - 3. What is the remainder when 24 - u/(-1 - 0) is divided by r?
8
Suppose -2*o - 8 = -0*o. Let p be 27/5 + o/10. Suppose 5*g = -3*m + 76, -80 = -p*m + m + 4*g. What is the remainder when m is divided by 8?
6
Suppose -4*a = 5*a - 279. What is the remainder when a is divided by 13/1 + 0 + -2?
9
Suppose 3*w + 116 = -4*a - w, 81 = -3*a + 3*w. Let x = 10 - a. Calculate the remainder when x is divided by 13.
12
Suppose -4*a - a = f - 30, 5*a - 25 = 0. Calculate the remainder when 7 is divided by f.
2
Let r(p) = 8*p**3 - 4*p**2 + 4*p. Calculate the remainder when r(2) is divided by 19.
18
Suppose -144 = -3*s - 3. Calculate the remainder when s is divided by 12.
11
Suppose -4*z + 145 = 3*d, -5*z + 261 = 2*d + 85. Let q = 4 - 2. Calculate the remainder when z is divided by 14 + -4 + q + 0.
10
Suppose -3*d = -d - 68. What is the remainder when d is divided by 18?
16
Let g(o) = 15*o. Let u be g(3). Let z = -32 + u. What is the remainder when 25 is divided by z?
12
Suppose -3*o = -4*o + 188. Suppose 3*x + w = 5*w + o, w = 3*x - 191. Calculate the remainder when x is divided by 22.
20
Suppose -4*k + 5*p = -135, -15 = 4*k - 5*k + 5*p. Let a = k - 23. Let m = -12 + a. Calculate the remainder when 13 is divided by m.
3
Let m = -9 - -15. Let g be (-2)/3 - m/(-9). Suppose -b + 3 + 2 = g. What is the remainder when 9 is divided by b?
4
Suppose -c - 6 = -3*c. Suppose -z = -10 - c. Calculate the remainder when z is divided by 5.
3
Let t(m) = 12*m - 2. Let g(o) = 7*o**2. What is the remainder when g(-3) is divided by t(2)?
19
What is the remainder when -1*(-45 - (4 + -2)) is divided by 12?
11
Let x = 4 - 8. Let w(y) = -4*y. Let d(f) = f**3 - 4*f**2 + 8*f - 6. What is the remainder when w(x) is divided by d(3)?
7
Let s be -1*3/(-3) + 0. What is the remainder when 9 is divided by (-1 - -8)*1 - s?
3
Suppose -j + 10 = -4. Suppose 3*v - 5*v = 22. Let x = -6 - v. Calculate the remainder when j is divided by x.
4
Suppose 0 = -2*o + 2*v + 10, 4*o - 12 = 2*v. Let z be -8*1 + (-1 - o). What is the remainder when z*(2 - (-54)/(-15)) is divided by 9?
7
Suppose -5*q + 9 = -6, -10 = -2*h - 2*q. Suppose -2*r + 44 = h*z, 24 = 2*r - r + 2*z. Calculate the remainder when 37 is divided by r.
17
Suppose 4*d = -3*u + 65, -2*d - 6 = -u - 1. What is the remainder when u is divided by 4?
3
Let f(q) = -q**3 - 3*q + 3. Let v be f(-5). Let c = v + -100. Calculate the remainder when c is divided by ((-12)/14)/(207/(-5313)).
21
Suppose -20 = -3*f - f. Suppose 0 = -4*r - 0*r + f*w + 81, 0 = r + 3*w + 1. Suppose 120 = 2*n + n. What is the remainder when n is divided by r?
12
Let q = -4 + 4. Suppose 2*v - 160 = -q*j - 4*j, 38 = j + v. Calculate the remainder when j is divided by 15.
12
Suppose 3*x + 25 + 59 = 2*f, 5*x = -5*f + 260. Calculate the remainder when 236 is divided by f.
44
Let j be (-4)/(-12) - 34/(-6). Suppose -f - 5 + j = 0. What is the remainder when f is divided by 1?
0
What is the remainder when 7 is divided by (-2)/4*(-8 - -2)?
1
Let y be (5/(-3))/((-1)/(-24)). Let c = -28 - y. What is the remainder when 46 is divided by c?
10
Calculate the remainder when 33 is divided by 260/20 - (-1 - -6).
1
Suppose 4*s - 3*r = 6, 2*s + 2*r - r = 8. What is the remainder when 44 is divided by s?
2
Let y = 8 - 8. Suppose t + i - 23 = 0, t + 4*t + 4*i - 117 = y. What is the remainder when 49 is divided by t?
24
Suppose -2*c + 36 = 5*g, 0*g = -g + 2*c + 12. What is the remainder when 31 is divided by g?
7
Let r = 50 + -16. Calculate the remainder when 133 is divided by r.
31
Suppose 4*s - 21 = 31. Let g = -9 + s. Suppose -64 = -g*n + 28. Calculate the remainder when n is divided by 8.
7
Let z(c) = -c**3 - c**2 + c + 1. Suppose 9 = 4*p - 19. Calculate the remainder when p is divided by z(-2).
1
Suppose 0*j - 2*j = -4. Suppose 0 = 5*y + j*d + 45, -4*y + 6*d - 36 = d. Calculate the remainder when 2/6 + (-87)/y is divided by 4.
2
Suppose -2*k = k + y + 3, 5*y = 2*k + 2. Let c(a) = -a + 1. Let u be c(2). What is the remainder when 7 is divided by (k - -2) + (2 - u)?
3
Let k(w) = -w**3 + 5*w**2 + 8*w - 5. Let x be ((-3)/(-6))/(2/28). Let r be 0 + (-3 - -2) + x. What is the remainder when k(r) is divided by 3?
1
Suppose -5*f - 4*v = -39, f + 0*v + 2*v = 9. Suppose 6 = -x + 4*b - 4, 30 = -3*x + 4*b. Let g = -6 - x. What is the remainder when f is divided by g?
3
Calculate the remainder when 29 is divided by (6/(-2))/((-12)/64).
13
Let n = -241 - -453. Let p = 150 - n. Let c = -33 - p. Calculate the remainder when c is divided by 10.
9
Suppose -15 = -3*c, 3*q - 79 = 2*q - 5*c. What is the remainder when q is divided by 28?
26
Let z = -90 + 97. Suppose -5*l + 16 = 3*y, 2*l - 3*y - 2*y = 25. Calculate the remainder when z is divided by l.
2
Suppose -3*c = -y + 16, -3*y = 4*c - 26 + 4. Calculate the remainder when 28 is divided by y.
8
Let r be 1 + 0 - (-8 - -2). Suppose -r = -4*b + 25. Calculate the remainder when (74/6 - 3)/(4/6) is divided by b.
6
Suppose -3*r + 6 = -r, 5*h + 4*r = 302. Calculate the remainder when h is divided by 0 + 0 - (2 + -22).
18
Suppose -2*w = -15 - 37. Suppose 3*a - u - w = 63, -3*a - 3*u = -81. What is the remainder when 55 is divided by a?
26
Calculate the remainder when 35 is divided by 186/10 + 6/(-10).
17
Suppose -4*x - 22 + 266 = 0. What is the remainder when x is divided by 31?
30
Suppose -w = -4*z + 62 + 4, -4*w + 25 = z. Calculate the remainder when z is divided by 4.
1
Let f = -6 - -8. Suppose 5*r - 140 = 5*m, f*m + 10 + 48 = r. What is the remainder when 16 is divided by m/(-2)*6/10?
7
Suppose 21 = t - 4*r, 3*t + 5*r = -t + 189. Calculate the remainder when t is divided by 7.
6
Let m(k) = 5*k + 2. Let v be m(4). Let f = -10 + v. What is the remainder when f is divided by 7?
5
Let w = 9 + -5. Suppose p - w = -3*p. Suppose -2*o + p + 3 = 0. What is the remainder when o is divided by 2?
0
Suppose 3*j = -2*j - u + 26, -4*j + 44 = -5*u. Suppose 0 = 2*a + 2*h - 3*h - 18, 4*h - 5 = a. What is the remainder when a is divided by j?
5
Suppose 3*s + 28 = 2*s. Let b = s - -44. Suppose 2*d = -3*w + w + 70, -3*d - w = -95. Calculate the remainder when d is divided by b.
14
Let x(o) be the first derivative of o**2 - 2. Let s be x(-4). Let t = 27 - s. Calculate the remainder when t is divided by 12.
11
Let t(n) = n**2 + 10*n + 10. Let y be t(-11). Let w be 1/(1*(-3)/24). Let l = y + w. What is the remainder when 25 is divided by l?
12
Let k(d) = d**3 + 5*d**2 + 3*d + 3. What is the remainder when 11 is divided by k(-4)?
4
Let f(k) = 4*k**2 - 4*k - 8. Calculate the remainder when f(4) is divided by 6.
4
Suppose 0 = -3*v - v - 5*j + 190, 170 = 4*v - 5*j. Suppose -4*o + 3*t = -35, 5*o - 6*t + 2*t - v = 0. Calculate the remainder when 17 is divided by o.
2
Suppose -c - c = -58. Calculate the remainder when 113 is divided by c.
26
Let p(h) = 3*h + 5. Let a be p(-6). Let v be a - (-1 - -2 - -1). Calculate the remainder when v/2*4/(-5) is divided by 3.
0
Let m = 10 - 10. Suppose -w - 2*w + 135 = m. What is the remainder when w is divided by 12?
9
Suppose -5*g + 26 = 1. Let l be -1 - (4/2 + -5). What is the remainder when 1 - ((-40)/2 + l) is divided by g?
4
Let c =